{"id":529,"date":"2015-04-20T11:50:56","date_gmt":"2015-04-20T11:50:56","guid":{"rendered":"http:\/\/welfare.cmsmasters.net\/?page_id=529"},"modified":"2022-04-08T12:26:00","modified_gmt":"2022-04-08T12:26:00","slug":"about-us","status":"publish","type":"page","link":"https:\/\/teatarmladih.me\/?page_id=529","title":{"rendered":"Misija i vizija"},"content":{"rendered":"<div id=\"cmsmasters_row_982eaf665a\" class=\"cmsmasters_row cmsmasters_color_scheme_default cmsmasters_row_top_default cmsmasters_row_bot_default cmsmasters_row_boxed\">\n<div class=\"cmsmasters_row_outer_parent\">\n<div class=\"cmsmasters_row_outer\">\n<div class=\"cmsmasters_row_inner\">\n<div class=\"cmsmasters_row_margin\">\n<div id=\"cmsmasters_column_6103458c4a\" class=\"cmsmasters_column one_first\">\n<div class=\"cmsmasters_column_inner\"><div id=\"cmsmasters_heading_15996123cc\" class=\"cmsmasters_heading_wrap cmsmasters_heading_align_center\">\n\t<h2 class=\"cmsmasters_heading\">TEATAR MLADIH<\/h2>\n<\/div><div class=\"aligncenter\"><div class=\"cmsmasters_img  cmsmasters_image_c\"><img decoding=\"async\" src=\"https:\/\/teatarmladih.me\/wp-content\/uploads\/2017\/06\/CF1E8F321BA1382D363C2EF011B1B6AAF1979407D0BD15Epimgpsh_fullsize_distr.png\" alt=\"new\" \/><\/div><\/div>\n<\/div><\/div>\n<\/div>\n<\/div>\n<\/div>\n<\/div>\n<\/div>\n<div id=\"cmsmasters_row_17e59a36a6\" class=\"cmsmasters_row cmsmasters_color_scheme_default cmsmasters_row_top_default cmsmasters_row_bot_default cmsmasters_row_boxed\">\n<div class=\"cmsmasters_row_outer_parent\">\n<div class=\"cmsmasters_row_outer\">\n<div class=\"cmsmasters_row_inner\">\n<div class=\"cmsmasters_row_margin\">\n<div id=\"cmsmasters_column_b844710945\" class=\"cmsmasters_column one_half\">\n<div class=\"cmsmasters_column_inner\"><div id=\"cmsmasters_fb_1y9k96l688\" class=\"cmsmasters_featured_block\">\n<div class=\"featured_block_inner\">\n<div class=\"featured_block_text\">\n<p>NVO Teatar Mladih osnovali smo 15.01.2001. godine na Cetinju, kao mladi dramski umjetnici, glumci koji su diplomirali na Fakultetu dramskih umjetnosti na Cetinju. Tada nas je bilo \u010detvoro.<\/p>\n<p>Cilj na\u0161e organizacije jeste, prije svega, za\u0161tita interesa mladih dramskih umjetnika Crne Gore, pa je na\u0161 rad usmjeren na okupljanje i udru\u017eeno anga\u017eovanje sa drugim sli\u010dnim organizacijama i zainteresovanim umjetnicima kako iz okru\u017eenja tako i iz inostranstva, kao i rad na oboga\u0107ivanju i istra\u017eivanju sopstvenog scenskog izraza. Posebno mjesto u na\u0161em radu pripada pripremi i organizaciji predstava, biranog i anga\u017eovanog pozori\u0161nog jezika. Smatramo da je neophodno uvesti novu energiju u na\u0161e pozori\u0161te, entuzijazam i visoki profesionalizam, jer se time stvara protivte\u017ea modelu zvani\u010dnog pozori\u0161nog jezika, razvija se demokratska atmosfera i stvaraju se odli\u010dni uslovi za razvoj kriti\u010dkog promi\u0161ljanja \u2013 najva\u017enijeg faktora za napredak.<\/p>\n<p>Iz potrebe za istra\u017eivanjem novih tehnika scenskog izraza kao i njihovom primjenom u radu sa djecom i mladima ali i studentima i profesionalcima, ubrzo nakon osnivanja po\u010dinjemo praksu organizovanja dramskih radionica, a kasnije i performansa.<\/p>\n<p>Do sada smo realizovali dvije radionice (Maska, drugo lice glumca i \u0160kola glume) i \u0161est pozori\u0161nih produkcija (\u010corba od kanarinca 2005, Creeps 2005, Mraku\u0161a 2007, Ljepotica i zvijer 2008, Djeda Mraz postoji 2009 Porodi\u010dne pri\u010de 2010). Sa ovim predstavama ostvarili smo brojna igranja u Crnoj Gori i u inostranstvu (Split, Rijeka-Hrvatska, Beograd-Srbija, Moskva-Rusija). Ve\u0107 pet godina aktivno radi i \u0160kola glume.<\/p>\n\n<\/div>\n<\/div>\n<\/div>\n<\/div><\/div>\n<div id=\"cmsmasters_column_786385d260\" class=\"cmsmasters_column one_half\">\n<div class=\"cmsmasters_column_inner\"><div class=\"cmsmasters_content_slider_wrap\" style=\"max-width:px;\"><div id=\"cmsmasters_slider_c72e0bd1e2\" class=\"cmsmasters_owl_slider owl-carousel cmsmasters_content_slider\" data-auto-play=\"7000\" data-stop-on-hover=\"false\" data-rewind-nav=\"false\" data-slide-speed=\"600\" data-pagination-speed=\"600\" data-rewind-speed=\"1000\" data-transition-style=\"false\" data-pagination=\"true\" data-navigation=\"false\"><div class=\"cmsmasters_owl_slider_item cmsmasters_content_slider_item\"><img loading=\"lazy\" decoding=\"async\" width=\"1600\" height=\"1144\" src=\"https:\/\/teatarmladih.me\/wp-content\/uploads\/2022\/02\/4.jpg\" class=\"attachment-full size-full\" alt=\"\" srcset=\"https:\/\/teatarmladih.me\/wp-content\/uploads\/2022\/02\/4.jpg 1600w, https:\/\/teatarmladih.me\/wp-content\/uploads\/2022\/02\/4-300x215.jpg 300w, https:\/\/teatarmladih.me\/wp-content\/uploads\/2022\/02\/4-1024x732.jpg 1024w, https:\/\/teatarmladih.me\/wp-content\/uploads\/2022\/02\/4-768x549.jpg 768w, https:\/\/teatarmladih.me\/wp-content\/uploads\/2022\/02\/4-1536x1098.jpg 1536w, https:\/\/teatarmladih.me\/wp-content\/uploads\/2022\/02\/4-580x415.jpg 580w, https:\/\/teatarmladih.me\/wp-content\/uploads\/2022\/02\/4-860x615.jpg 860w, https:\/\/teatarmladih.me\/wp-content\/uploads\/2022\/02\/4-1160x829.jpg 1160w\" sizes=\"auto, (max-width: 1600px) 100vw, 1600px\" \/><\/div><div class=\"cmsmasters_owl_slider_item cmsmasters_content_slider_item\"><img loading=\"lazy\" decoding=\"async\" width=\"2560\" height=\"1674\" src=\"https:\/\/teatarmladih.me\/wp-content\/uploads\/2022\/02\/Porodicne-2-scaled.jpg\" class=\"attachment-full size-full\" alt=\"\" srcset=\"https:\/\/teatarmladih.me\/wp-content\/uploads\/2022\/02\/Porodicne-2-scaled.jpg 2560w, https:\/\/teatarmladih.me\/wp-content\/uploads\/2022\/02\/Porodicne-2-300x196.jpg 300w, https:\/\/teatarmladih.me\/wp-content\/uploads\/2022\/02\/Porodicne-2-1024x670.jpg 1024w, https:\/\/teatarmladih.me\/wp-content\/uploads\/2022\/02\/Porodicne-2-768x502.jpg 768w, https:\/\/teatarmladih.me\/wp-content\/uploads\/2022\/02\/Porodicne-2-1536x1005.jpg 1536w, https:\/\/teatarmladih.me\/wp-content\/uploads\/2022\/02\/Porodicne-2-2048x1339.jpg 2048w, https:\/\/teatarmladih.me\/wp-content\/uploads\/2022\/02\/Porodicne-2-580x379.jpg 580w, https:\/\/teatarmladih.me\/wp-content\/uploads\/2022\/02\/Porodicne-2-860x562.jpg 860w, https:\/\/teatarmladih.me\/wp-content\/uploads\/2022\/02\/Porodicne-2-1160x759.jpg 1160w\" sizes=\"auto, (max-width: 2560px) 100vw, 2560px\" \/><\/div><div class=\"cmsmasters_owl_slider_item cmsmasters_content_slider_item\"><img loading=\"lazy\" decoding=\"async\" width=\"2560\" height=\"1787\" src=\"https:\/\/teatarmladih.me\/wp-content\/uploads\/2022\/02\/Creeps-3-scaled.jpg\" class=\"attachment-full size-full\" alt=\"\" srcset=\"https:\/\/teatarmladih.me\/wp-content\/uploads\/2022\/02\/Creeps-3-scaled.jpg 2560w, https:\/\/teatarmladih.me\/wp-content\/uploads\/2022\/02\/Creeps-3-300x209.jpg 300w, https:\/\/teatarmladih.me\/wp-content\/uploads\/2022\/02\/Creeps-3-1024x715.jpg 1024w, https:\/\/teatarmladih.me\/wp-content\/uploads\/2022\/02\/Creeps-3-768x536.jpg 768w, https:\/\/teatarmladih.me\/wp-content\/uploads\/2022\/02\/Creeps-3-1536x1072.jpg 1536w, https:\/\/teatarmladih.me\/wp-content\/uploads\/2022\/02\/Creeps-3-2048x1430.jpg 2048w, https:\/\/teatarmladih.me\/wp-content\/uploads\/2022\/02\/Creeps-3-580x405.jpg 580w, https:\/\/teatarmladih.me\/wp-content\/uploads\/2022\/02\/Creeps-3-860x600.jpg 860w, https:\/\/teatarmladih.me\/wp-content\/uploads\/2022\/02\/Creeps-3-1160x810.jpg 1160w\" sizes=\"auto, (max-width: 2560px) 100vw, 2560px\" \/><\/div><div class=\"cmsmasters_owl_slider_item cmsmasters_content_slider_item\"><img loading=\"lazy\" decoding=\"async\" width=\"2560\" height=\"1707\" src=\"https:\/\/teatarmladih.me\/wp-content\/uploads\/2022\/03\/Porodicne-1-scaled.jpg\" class=\"attachment-full size-full\" alt=\"\" srcset=\"https:\/\/teatarmladih.me\/wp-content\/uploads\/2022\/03\/Porodicne-1-scaled.jpg 2560w, https:\/\/teatarmladih.me\/wp-content\/uploads\/2022\/03\/Porodicne-1-300x200.jpg 300w, https:\/\/teatarmladih.me\/wp-content\/uploads\/2022\/03\/Porodicne-1-1024x683.jpg 1024w, https:\/\/teatarmladih.me\/wp-content\/uploads\/2022\/03\/Porodicne-1-768x512.jpg 768w, https:\/\/teatarmladih.me\/wp-content\/uploads\/2022\/03\/Porodicne-1-1536x1024.jpg 1536w, https:\/\/teatarmladih.me\/wp-content\/uploads\/2022\/03\/Porodicne-1-2048x1365.jpg 2048w, https:\/\/teatarmladih.me\/wp-content\/uploads\/2022\/03\/Porodicne-1-580x387.jpg 580w, https:\/\/teatarmladih.me\/wp-content\/uploads\/2022\/03\/Porodicne-1-860x573.jpg 860w, https:\/\/teatarmladih.me\/wp-content\/uploads\/2022\/03\/Porodicne-1-1160x773.jpg 1160w\" sizes=\"auto, (max-width: 2560px) 100vw, 2560px\" \/><\/div><div class=\"cmsmasters_owl_slider_item cmsmasters_content_slider_item\"><img loading=\"lazy\" decoding=\"async\" width=\"2560\" height=\"1920\" src=\"https:\/\/teatarmladih.me\/wp-content\/uploads\/2022\/02\/Mrakusa-3-scaled.jpg\" class=\"attachment-full size-full\" alt=\"\" srcset=\"https:\/\/teatarmladih.me\/wp-content\/uploads\/2022\/02\/Mrakusa-3-scaled.jpg 2560w, https:\/\/teatarmladih.me\/wp-content\/uploads\/2022\/02\/Mrakusa-3-300x225.jpg 300w, https:\/\/teatarmladih.me\/wp-content\/uploads\/2022\/02\/Mrakusa-3-1024x768.jpg 1024w, https:\/\/teatarmladih.me\/wp-content\/uploads\/2022\/02\/Mrakusa-3-768x576.jpg 768w, https:\/\/teatarmladih.me\/wp-content\/uploads\/2022\/02\/Mrakusa-3-1536x1152.jpg 1536w, https:\/\/teatarmladih.me\/wp-content\/uploads\/2022\/02\/Mrakusa-3-2048x1536.jpg 2048w, https:\/\/teatarmladih.me\/wp-content\/uploads\/2022\/02\/Mrakusa-3-580x435.jpg 580w, https:\/\/teatarmladih.me\/wp-content\/uploads\/2022\/02\/Mrakusa-3-860x645.jpg 860w, https:\/\/teatarmladih.me\/wp-content\/uploads\/2022\/02\/Mrakusa-3-1160x870.jpg 1160w\" sizes=\"auto, (max-width: 2560px) 100vw, 2560px\" \/><\/div><div class=\"cmsmasters_owl_slider_item cmsmasters_content_slider_item\"><img loading=\"lazy\" decoding=\"async\" width=\"1600\" height=\"1066\" src=\"https:\/\/teatarmladih.me\/wp-content\/uploads\/2022\/02\/2.jpg\" class=\"attachment-full size-full\" alt=\"\" srcset=\"https:\/\/teatarmladih.me\/wp-content\/uploads\/2022\/02\/2.jpg 1600w, https:\/\/teatarmladih.me\/wp-content\/uploads\/2022\/02\/2-300x200.jpg 300w, https:\/\/teatarmladih.me\/wp-content\/uploads\/2022\/02\/2-1024x682.jpg 1024w, https:\/\/teatarmladih.me\/wp-content\/uploads\/2022\/02\/2-768x512.jpg 768w, https:\/\/teatarmladih.me\/wp-content\/uploads\/2022\/02\/2-1536x1023.jpg 1536w, https:\/\/teatarmladih.me\/wp-content\/uploads\/2022\/02\/2-580x386.jpg 580w, https:\/\/teatarmladih.me\/wp-content\/uploads\/2022\/02\/2-860x573.jpg 860w, https:\/\/teatarmladih.me\/wp-content\/uploads\/2022\/02\/2-1160x773.jpg 1160w\" sizes=\"auto, (max-width: 1600px) 100vw, 1600px\" \/><\/div><div class=\"cmsmasters_owl_slider_item cmsmasters_content_slider_item\"><img loading=\"lazy\" decoding=\"async\" width=\"2560\" height=\"1782\" src=\"https:\/\/teatarmladih.me\/wp-content\/uploads\/2022\/02\/Porodicne-3-scaled.jpg\" class=\"attachment-full size-full\" alt=\"\" srcset=\"https:\/\/teatarmladih.me\/wp-content\/uploads\/2022\/02\/Porodicne-3-scaled.jpg 2560w, https:\/\/teatarmladih.me\/wp-content\/uploads\/2022\/02\/Porodicne-3-300x209.jpg 300w, https:\/\/teatarmladih.me\/wp-content\/uploads\/2022\/02\/Porodicne-3-1024x713.jpg 1024w, https:\/\/teatarmladih.me\/wp-content\/uploads\/2022\/02\/Porodicne-3-768x535.jpg 768w, https:\/\/teatarmladih.me\/wp-content\/uploads\/2022\/02\/Porodicne-3-1536x1069.jpg 1536w, https:\/\/teatarmladih.me\/wp-content\/uploads\/2022\/02\/Porodicne-3-2048x1425.jpg 2048w, https:\/\/teatarmladih.me\/wp-content\/uploads\/2022\/02\/Porodicne-3-580x404.jpg 580w, https:\/\/teatarmladih.me\/wp-content\/uploads\/2022\/02\/Porodicne-3-860x599.jpg 860w, https:\/\/teatarmladih.me\/wp-content\/uploads\/2022\/02\/Porodicne-3-1160x807.jpg 1160w\" sizes=\"auto, (max-width: 2560px) 100vw, 2560px\" \/><\/div><div class=\"cmsmasters_owl_slider_item cmsmasters_content_slider_item\"><img loading=\"lazy\" decoding=\"async\" width=\"604\" height=\"442\" src=\"https:\/\/teatarmladih.me\/wp-content\/uploads\/2022\/02\/Corba-1.jpg\" class=\"attachment-full size-full\" alt=\"\" srcset=\"https:\/\/teatarmladih.me\/wp-content\/uploads\/2022\/02\/Corba-1.jpg 604w, https:\/\/teatarmladih.me\/wp-content\/uploads\/2022\/02\/Corba-1-300x220.jpg 300w, https:\/\/teatarmladih.me\/wp-content\/uploads\/2022\/02\/Corba-1-580x424.jpg 580w\" sizes=\"auto, (max-width: 604px) 100vw, 604px\" \/><\/div><\/div>\n<\/div>\n<\/div><\/div>\n<\/div>\n<\/div>\n<\/div>\n<\/div>\n<\/div>\n\n","protected":false},"excerpt":{"rendered":"","protected":false},"author":1,"featured_media":0,"parent":0,"menu_order":0,"comment_status":"closed","ping_status":"closed","template":"","meta":{"footnotes":""},"class_list":["post-529","page","type-page","status-publish","hentry"],"_links":{"self":[{"href":"https:\/\/teatarmladih.me\/index.php?rest_route=\/wp\/v2\/pages\/529","targetHints":{"allow":["GET"]}}],"collection":[{"href":"https:\/\/teatarmladih.me\/index.php?rest_route=\/wp\/v2\/pages"}],"about":[{"href":"https:\/\/teatarmladih.me\/index.php?rest_route=\/wp\/v2\/types\/page"}],"author":[{"embeddable":true,"href":"https:\/\/teatarmladih.me\/index.php?rest_route=\/wp\/v2\/users\/1"}],"replies":[{"embeddable":true,"href":"https:\/\/teatarmladih.me\/index.php?rest_route=%2Fwp%2Fv2%2Fcomments&post=529"}],"version-history":[{"count":16,"href":"https:\/\/teatarmladih.me\/index.php?rest_route=\/wp\/v2\/pages\/529\/revisions"}],"predecessor-version":[{"id":16684,"href":"https:\/\/teatarmladih.me\/index.php?rest_route=\/wp\/v2\/pages\/529\/revisions\/16684"}],"wp:attachment":[{"href":"https:\/\/teatarmladih.me\/index.php?rest_route=%2Fwp%2Fv2%2Fmedia&parent=529"}],"curies":[{"name":"wp","href":"https:\/\/api.w.org\/{rel}","templated":true}]}}