{"id":16312,"date":"2022-03-30T21:31:29","date_gmt":"2022-03-30T21:31:29","guid":{"rendered":"https:\/\/teatarmladih.me\/?page_id=16312"},"modified":"2022-03-31T20:46:38","modified_gmt":"2022-03-31T20:46:38","slug":"novosti","status":"publish","type":"page","link":"https:\/\/teatarmladih.me\/?page_id=16312","title":{"rendered":"Novosti"},"content":{"rendered":"<div id=\"cmsmasters_row_k89xm4h37l\" class=\"cmsmasters_row cmsmasters_color_scheme_default cmsmasters_row_top_default cmsmasters_row_bot_default cmsmasters_row_boxed\">\n<div class=\"cmsmasters_row_outer_parent\">\n<div class=\"cmsmasters_row_outer\">\n<div class=\"cmsmasters_row_inner\">\n<div class=\"cmsmasters_row_margin\">\n<div id=\"cmsmasters_column_366nppstws\" class=\"cmsmasters_column one_first\">\n<div class=\"cmsmasters_column_inner\"><div class=\"aligncenter\"><div class=\"cmsmasters_img  cmsmasters_image_c\"><img decoding=\"async\" src=\"https:\/\/teatarmladih.me\/wp-content\/uploads\/2017\/06\/CF1E8F321BA1382D363C2EF011B1B6AAF1979407D0BD15Epimgpsh_fullsize_distr.png\" alt=\"new\" \/><\/div><\/div>\n<div id=\"cmsmasters_divider_7ze5i16wys\" class=\"cmsmasters_divider cmsmasters_divider_width_long cmsmasters_divider_pos_center\"><\/div>\n<div id=\"blog_vi7qyxmgb\" class=\"cmsmasters_wrap_blog entry-summary\" data-layout=\"timeline\" data-layout-mode=\"\" data-url=\"https:\/\/teatarmladih.me\/wp-content\/plugins\/cmsmasters-content-composer\/\" data-orderby=\"date\" data-order=\"DESC\" data-count=\"12\" data-categories=\"vijesti\" data-metadata=\"date,more\" data-pagination=\"pagination\"><div class=\"blog timeline\"><!-- Start Post Timeline Article -->\r\n<article id=\"post-16861\" class=\"cmsmasters_post_timeline post-16861 post type-post status-publish format-standard has-post-thumbnail hentry category-vijesti\">\r\n\t<span class=\"cmsmasters_post_date\"><abbr class=\"published\" title=\"June 9, 2022\"><span class=\"cmsmasters_post_day\">09<\/span><span class=\"cmsmasters_post_mon_year\">June, 2022<\/span><\/abbr><abbr class=\"dn date updated\" title=\"June 9, 2022\">June 9, 2022<\/abbr><\/span>\t<div class=\"cmsmasters_timeline_margin\">\r\n\t\t<div class=\"cmsmasters_post_cont\">\r\n\t\t<header class=\"cmsmasters_post_header entry-header\"><h4 class=\"cmsmasters_post_title entry-title\"><a href=\"https:\/\/teatarmladih.me\/?p=16861\">Najava premijere predstave &#8220;Zelena gora&#8221;<\/a><\/h4><\/header><figure class=\"cmsmasters_img_wrap\"><a href=\"https:\/\/teatarmladih.me\/?p=16861\" title=\"Najava premijere predstave &#8220;Zelena gora&#8221;\" class=\"cmsmasters_img_link preloader\"><img loading=\"lazy\" decoding=\"async\" width=\"860\" height=\"500\" src=\"https:\/\/teatarmladih.me\/wp-content\/uploads\/2022\/06\/Kotor-Press-860x500.jpg\" class=\"full-width wp-post-image\" alt=\"Najava premijere predstave &#8220;Zelena gora&#8221;\" title=\"Kotor, Press\" srcset=\"https:\/\/teatarmladih.me\/wp-content\/uploads\/2022\/06\/Kotor-Press-860x500.jpg 860w, https:\/\/teatarmladih.me\/wp-content\/uploads\/2022\/06\/Kotor-Press-1160x675.jpg 1160w\" sizes=\"auto, (max-width: 860px) 100vw, 860px\" \/><\/a><\/figure><div class=\"cmsmasters_post_content entry-content\">\n<p>Kotor: Premijera predstave \u201cZelena gora\u201d 10. juna Kotor (Mediabiro) \u2013 U Kotoru je danas organizovan press povorom premijere predstave \u201cZelena...<\/p>\n<\/div>\n<footer class=\"cmsmasters_post_footer entry-meta\"><a class=\"cmsmasters_post_read_more\" href=\"https:\/\/teatarmladih.me\/?p=16861\">Read More<\/a><\/footer>\t\t<\/div>\r\n\t<\/div>\r\n<\/article>\r\n<!-- Finish Post Timeline Article -->\r\n\r\n<!-- Start Post Timeline Article -->\r\n<article id=\"post-16777\" class=\"cmsmasters_post_timeline post-16777 post type-post status-publish format-standard has-post-thumbnail hentry category-vijesti\">\r\n\t<span class=\"cmsmasters_post_date\"><abbr class=\"published\" title=\"June 3, 2022\"><span class=\"cmsmasters_post_day\">03<\/span><span class=\"cmsmasters_post_mon_year\">June, 2022<\/span><\/abbr><abbr class=\"dn date updated\" title=\"June 3, 2022\">June 3, 2022<\/abbr><\/span>\t<div class=\"cmsmasters_timeline_margin\">\r\n\t\t<div class=\"cmsmasters_post_cont\">\r\n\t\t<header class=\"cmsmasters_post_header entry-header\"><h4 class=\"cmsmasters_post_title entry-title\"><a href=\"https:\/\/teatarmladih.me\/?p=16777\">Zelena gora za djecu i odrasle<\/a><\/h4><\/header><figure class=\"cmsmasters_img_wrap\"><a href=\"https:\/\/teatarmladih.me\/?p=16777\" title=\"Zelena gora za djecu i odrasle\" class=\"cmsmasters_img_link preloader\"><img loading=\"lazy\" decoding=\"async\" width=\"860\" height=\"500\" src=\"https:\/\/teatarmladih.me\/wp-content\/uploads\/2022\/06\/IG-1-860x500.jpg\" class=\"full-width wp-post-image\" alt=\"Zelena gora za djecu i odrasle\" title=\"IG 1\" srcset=\"https:\/\/teatarmladih.me\/wp-content\/uploads\/2022\/06\/IG-1-860x500.jpg 860w, https:\/\/teatarmladih.me\/wp-content\/uploads\/2022\/06\/IG-1-1160x675.jpg 1160w\" sizes=\"auto, (max-width: 860px) 100vw, 860px\" \/><\/a><\/figure><div class=\"cmsmasters_post_content entry-content\">\n<p>U cilju podizanja ekolo\u0161ke svijesti i edukacije djece o na\u010dinu o\u010duvanja \u017eivotne sredine planira se realizacija edukativne predstave za djecu...<\/p>\n<\/div>\n<footer class=\"cmsmasters_post_footer entry-meta\"><a class=\"cmsmasters_post_read_more\" href=\"https:\/\/teatarmladih.me\/?p=16777\">Read More<\/a><\/footer>\t\t<\/div>\r\n\t<\/div>\r\n<\/article>\r\n<!-- Finish Post Timeline Article -->\r\n\r\n<!-- Start Post Timeline Article -->\r\n<article id=\"post-16757\" class=\"cmsmasters_post_timeline post-16757 post type-post status-publish format-standard has-post-thumbnail hentry category-vijesti tag-branko-ilic tag-noctribada tag-novosti tag-predstava\">\r\n\t<span class=\"cmsmasters_post_date\"><abbr class=\"published\" title=\"May 6, 2022\"><span class=\"cmsmasters_post_day\">06<\/span><span class=\"cmsmasters_post_mon_year\">May, 2022<\/span><\/abbr><abbr class=\"dn date updated\" title=\"May 6, 2022\">May 6, 2022<\/abbr><\/span>\t<div class=\"cmsmasters_timeline_margin\">\r\n\t\t<div class=\"cmsmasters_post_cont\">\r\n\t\t<header class=\"cmsmasters_post_header entry-header\"><h4 class=\"cmsmasters_post_title entry-title\"><a href=\"https:\/\/teatarmladih.me\/?p=16757\">Pozori\u0161te u slu\u017ebi borbe za rodnu ravnopravnost<\/a><\/h4><\/header><figure class=\"cmsmasters_img_wrap\"><a href=\"https:\/\/teatarmladih.me\/?p=16757\" title=\"Pozori\u0161te u slu\u017ebi borbe za rodnu ravnopravnost\" class=\"cmsmasters_img_link preloader\"><img loading=\"lazy\" decoding=\"async\" width=\"860\" height=\"500\" src=\"https:\/\/teatarmladih.me\/wp-content\/uploads\/2022\/05\/2-860x500.jpg\" class=\"full-width wp-post-image\" alt=\"Pozori\u0161te u slu\u017ebi borbe za rodnu ravnopravnost\" title=\"2\" srcset=\"https:\/\/teatarmladih.me\/wp-content\/uploads\/2022\/05\/2-860x500.jpg 860w, https:\/\/teatarmladih.me\/wp-content\/uploads\/2022\/05\/2-1160x675.jpg 1160w\" sizes=\"auto, (max-width: 860px) 100vw, 860px\" \/><\/a><\/figure><div class=\"cmsmasters_post_content entry-content\">\n<p>Pozori\u0161na predstava &#8220;No\u0107 tribada&#8221;, po tekstu P. O. Enkvista, u re\u017eiji Branka Ili\u0107a, realizuje se kroz saradnju programa Evropske unije...<\/p>\n<\/div>\n<footer class=\"cmsmasters_post_footer entry-meta\"><a class=\"cmsmasters_post_read_more\" href=\"https:\/\/teatarmladih.me\/?p=16757\">Read More<\/a><\/footer>\t\t<\/div>\r\n\t<\/div>\r\n<\/article>\r\n<!-- Finish Post Timeline Article -->\r\n\r\n<\/div><div class=\"cmsmasters_wrap_more_posts cmsmasters_wrap_more_items\"><\/div><\/div>\n<\/div><\/div>\n<\/div>\n<\/div>\n<\/div>\n<\/div>\n<\/div>\n<div id=\"cmsmasters_row_2k5ovsi87l\" class=\"cmsmasters_row cmsmasters_color_scheme_default cmsmasters_row_top_default cmsmasters_row_bot_default cmsmasters_row_boxed\">\n<div class=\"cmsmasters_row_outer_parent\">\n<div class=\"cmsmasters_row_outer\">\n<div class=\"cmsmasters_row_inner\">\n<div class=\"cmsmasters_row_margin\">\n<div id=\"cmsmasters_column_lbwcts2jha\" class=\"cmsmasters_column one_first\">\n<div class=\"cmsmasters_column_inner\"><\/div><\/div>\n<\/div>\n<\/div>\n<\/div>\n<\/div>\n<\/div>\n\n","protected":false},"excerpt":{"rendered":"","protected":false},"author":1,"featured_media":0,"parent":0,"menu_order":0,"comment_status":"closed","ping_status":"closed","template":"","meta":{"footnotes":""},"class_list":["post-16312","page","type-page","status-publish","hentry"],"_links":{"self":[{"href":"https:\/\/teatarmladih.me\/index.php?rest_route=\/wp\/v2\/pages\/16312","targetHints":{"allow":["GET"]}}],"collection":[{"href":"https:\/\/teatarmladih.me\/index.php?rest_route=\/wp\/v2\/pages"}],"about":[{"href":"https:\/\/teatarmladih.me\/index.php?rest_route=\/wp\/v2\/types\/page"}],"author":[{"embeddable":true,"href":"https:\/\/teatarmladih.me\/index.php?rest_route=\/wp\/v2\/users\/1"}],"replies":[{"embeddable":true,"href":"https:\/\/teatarmladih.me\/index.php?rest_route=%2Fwp%2Fv2%2Fcomments&post=16312"}],"version-history":[{"count":11,"href":"https:\/\/teatarmladih.me\/index.php?rest_route=\/wp\/v2\/pages\/16312\/revisions"}],"predecessor-version":[{"id":16657,"href":"https:\/\/teatarmladih.me\/index.php?rest_route=\/wp\/v2\/pages\/16312\/revisions\/16657"}],"wp:attachment":[{"href":"https:\/\/teatarmladih.me\/index.php?rest_route=%2Fwp%2Fv2%2Fmedia&parent=16312"}],"curies":[{"name":"wp","href":"https:\/\/api.w.org\/{rel}","templated":true}]}}